*o + w = -2*o. Is -1 + -26*(-2)/o a multiple of 6?
True
Let i = 96 + -77. Let h = 3 + 1. Suppose 0 = f - 2*b - i, -3*f + 2*b = -h*f + 7. Is 13 a factor of f?
True
Let x be 1 + (0 - -139) + 2. Let d = x + -76. Does 20 divide d?
False
Let w(o) = 7*o**3 - 3*o**2 + 3*o - 7. Is 41 a factor of w(3)?
True
Let y be 2*2/(-4) - -24. Suppose -111 + y = -4*s. Is s a multiple of 22?
True
Suppose -3*p - i + 2 = -9, -7 = p + 3*i. Suppose -2*w + 27 = -2*o - 1, -p*o = 2*w - 56. Does 8 divide w?
False
Suppose -w - 2*a + 4*a + 106 = 0, -a = 5*w - 486. Is w a multiple of 24?
False
Let c(o) = 2*o - 6. Let m be 20/6*12/10. Let i be c(m). Suppose -i*w - 4*d + 2 = -0*d, 2*w + 5*d = -2. Is 9 a factor of w?
True
Suppose 0 = -4*g + 4*x + 120, 110 = 3*g + 5*x - 4*x. Is 7 a factor of g?
True
Let r be 4/(-3)*30/(-4). Suppose 5*n = 10 + r. Suppose -n*g + 19 = -5. Is 4 a factor of g?
False
Suppose 9 = c + 5*g, -4*g - 1 + 5 = 0. Does 4 divide c?
True
Let b(h) = 9*h**2 + 3*h + 8. Is 12 a factor of b(-3)?
False
Suppose -2*s - 31 = -3*t + 3*s, 5*t + 2*s - 31 = 0. Is t a multiple of 2?
False
Let i(k) = k + 1. Let h be i(5). Let l(u) = u**2 - 13*u + 4. Let z(m) = 2*m**2 - 27*m + 8. Let n(f) = -9*l(f) + 4*z(f). Is n(h) a multiple of 14?
True
Suppose 0 = x - c - 38, 4*c = -5*x + 201 - 11. Suppose -2*u - u - 12 = 0, -o + 4*u = -x. Is 11 a factor of o?
True
Let r be (6/(-9))/(2/(-15)). Suppose -4*g + r = -7. Suppose 0 = 4*z + 2*y - 148, 0 = z + 7*y - g*y - 23. Is 10 a factor of z?
False
Let b = 2 + 15. Is b*2 + (-5 - -1) a multiple of 30?
True
Does 21 divide 6/4*(-236)/(-6)?
False
Let f = 24 + 86. Is 11 a factor of f?
True
Let j(t) = t**3 - 2*t**2 - 5*t. Suppose 3*a = 5 + 7. Does 12 divide j(a)?
True
Let c(m) = -m**2 - 7*m - 6. Let a be c(-4). Suppose -3*i + a = -42. Is 6 a factor of i?
False
Suppose 5*r + 2 = 3*r. Does 13 divide 26/((r - -3) + -1)?
True
Let y = 11 + -9. Suppose y*x = 3*x - 18. Does 2 divide 39/x - 2/12?
True
Let g = -9 + 12. Suppose -g*m + 85 = 4*w, 3*w - w - 4*m - 70 = 0. Is w a multiple of 8?
False
Let x be 0 - -4 - (-4 - -3). Suppose -71 = -7*a + 3*a - p, 4*a + x*p = 83. Is 13 a factor of a?
False
Let w = 23 - -9. Suppose c - w = 43. Is 25 a factor of c?
True
Let a = -67 - -17. Let x = a - -90. Does 20 divide x?
True
Suppose n - 4 = -5*c, -5 = -c + 2*n + 2*n. Let q(r) = -r**3 - r. Let m be q(c). Is -1 + m + 3*7 a multiple of 18?
True
Suppose 0 = -5*g + 6 - 1, -2*g = 2*b + 38. Let o be (4/10)/((-4)/b). Suppose -3*j - o*k = j - 100, -k = -3*j + 65. Is j a multiple of 14?
False
Suppose 34 = 4*t + 2*k, 0 = -3*t - 3*k + k + 24. Suppose -2*o = t, 2*f - 4*o = -3*o + 27. Is 7 a factor of f?
False
Let w = -142 + 194. Does 52 divide w?
True
Let d be -35 - (1 - (3 - 0)). Does 22 divide -8*1*d/6?
True
Suppose 2*d - 12 + 4 = 0. Let y be ((-2)/d)/(2/(-28)). Suppose 0 = a - y - 3. Is 8 a factor of a?
False
Let z(j) be the third derivative of -j**6/120 - 2*j**5/15 - j**4/6 - 4*j**3/3 - 3*j**2. Does 24 divide z(-8)?
True
Let v = 3 - 3. Suppose -270 = -v*h - 5*h. Is 15 a factor of h?
False
Suppose -z - 187 = -2*l + 2*z, -4*z = 4*l - 344. Is 11 a factor of l?
False
Let p = 2 + -2. Suppose 4*f - 42 = 2*o, 3*o + 4 - 21 = -4*f. Suppose p*g - f = -g. Is 8 a factor of g?
True
Suppose 3*v + 5*d + 17 = 0, -4*v + 4*d - 3*d + 8 = 0. Let c be ((-3)/v)/(-3) - -2. Suppose 120 = c*r + 2*r. Does 12 divide r?
True
Let s = -51 - -94. Is s a multiple of 22?
False
Let o = 436 - 229. Is 23 a factor of o?
True
Let d(y) = -2*y + 12. Let x be d(9). Let f be 3*(0 + 2/x). Is (-2)/(-1)*(-14)/f a multiple of 14?
True
Let r(x) = 6*x**2 - 2*x + 1. Let a be r(2). Let g = 17 - 4. Let c = a - g. Is c a multiple of 3?
False
Suppose 3*k = -4*p + 332, 0*k + 226 = 2*k + 5*p. Suppose 0 = -4*h - 4*q + k, -2*h + q + 0*q + 45 = 0. Is 13 a factor of h?
False
Is 0 + (15 - 1) - -1 a multiple of 8?
False
Suppose 2*g - 3*k = 93, -4*g - 3*k = -3*g - 60. Is g a multiple of 17?
True
Suppose 2*v - 450 = -v. Suppose -7*p = -2*p - v. Suppose 5*t - 25 - p = 0. Is 11 a factor of t?
True
Let w(j) = -j**2 - 17*j - 17. Is w(-13) a multiple of 7?
True
Suppose -184 = -2*u + 4*f, 0 = u - f - 77 - 12. Suppose 0 = -3*p - u - 52. Let b = -14 - p. Does 16 divide b?
True
Let t(b) = 3*b - 3. Suppose 5*a + 3*m + 1 - 7 = 0, 4*m = -4*a. Is 3 a factor of t(a)?
True
Let r(u) = -u**3 - 2*u**2 + u - 3. Let s be r(-3). Let g(t) = -t**2 - 2*t. Let k be g(-3). Let l = s - k. Is l a multiple of 4?
False
Suppose 47 = 2*g - c, -2*g + 5*c + 4 + 39 = 0. Is 23 a factor of g/(-56) - 507/(-7)?
False
Let m = 0 + 0. Suppose 4*z - 31 - 1 = m. Is z - (-4 - (-2 - 0)) a multiple of 5?
True
Let v be -46 + (3 - 3) + -2. Let n = 9 - v. Is n a multiple of 16?
False
Is (83 + -4)*3/(12/4) a multiple of 33?
False
Let k be 57/2*(-4)/(-6). Suppose -j + 0*j = -k. Does 11 divide j?
False
Suppose h - 42 = -5*i, 5*h - 4*i - 150 = i. Suppose -h - 123 = -5*b. Is 20 a factor of b?
False
Suppose -14*x + 10*x = -1640. Does 15 divide x?
False
Let x = 153 + 239. Does 40 divide x?
False
Let v(o) = 4*o**2 + o + 26. Let k(z) = -z**2 - z - 1. Let c(f) = -5*k(f) - v(f). Is 13 a factor of c(-10)?
True
Let c = 24 + -13. Suppose 0 = -p - c + 24. Is p a multiple of 5?
False
Let a(j) = 3*j**2 - 7. Let s(c) = -2*c**2 + 5*c - 6. Let u be s(2). Is 23 a factor of a(u)?
False
Suppose 4 + 4 = -4*q. Let s = q + 15. Is 13 a factor of s?
True
Does 22 divide 26/(-247) + (-4792)/(-38)?
False
Suppose -3*q - 84 = -0*q. Let m = -10 - q. Is m a multiple of 7?
False
Suppose 3*v - v + 258 = 0. Let m = -72 - v. Does 10 divide m?
False
Let o(p) = 4*p. Let m be ((-9)/(-12) + 1)*4. Is 8 a factor of o(m)?
False
Let b(d) = d**2 - 3*d - 7. Let v be b(5). Suppose -5*h - 11 = r + 2*r, -v*h - 1 = -r. Let w = r + 4. Is w even?
True
Let d = 7 + -3. Suppose -d*m = 4*w - 53 - 63, w + 91 = 3*m. Does 10 divide m?
True
Suppose 5 + 11 = 2*t. Is t a multiple of 2?
True
Let o = 11 + 3. Is 14 a factor of o?
True
Let d = -128 - -268. Does 10 divide d?
True
Let q(z) = -z**3 + 3*z**2 + 2*z - 2. Let n(m) = m**2 - m + 3. Let c be n(0). Let f be q(c). Is 11 a factor of (15/f)/(4/16)?
False
Let q(c) = 25*c**3 - 3*c - 2*c**2 + 2*c + c**2 + 2*c**2. Does 19 divide q(1)?
False
Suppose -6*d + 450 + 330 = 0. Is 10 a factor of d?
True
Does 21 divide 63/(-4)*16/(-6)?
True
Let x = 3 - 1. Suppose -3*p - x*p = -40. Suppose -2*m = -p - 12. Is 4 a factor of m?
False
Let s(v) = 18*v + 1. Let u be s(-2). Let h = -20 - u. Let p = h - 11. Is p a multiple of 4?
True
Let g = -15 + 9. Is 6 a factor of (1 - (-7)/(-3))*g?
False
Suppose 3*w = -2*w + b + 1758, 0 = -4*w + 2*b + 1410. Does 13 divide w?
True
Suppose 0 = 2*x - x - 1. Let d(m) = 61*m + 2. Does 21 divide d(x)?
True
Let s(a) = a**3 - 7*a**2 + 4*a. Let v(m) = -m**2 + 4*m - 2. Let w be v(2). Suppose 26 = 4*r - w*n, 3*r + 4*n + 3 = 4*r. Does 19 divide s(r)?
False
Let h(i) = 38*i + 30 + 8*i**2 + 13*i**2 - i**2. Let j(f) = 7*f**2 + 13*f + 10. Let x(p) = 6*h(p) - 17*j(p). Does 4 divide x(-7)?
False
Suppose -3*a = -8 - 7. Suppose 0 = -3*s - 4*g - 129, a*g - 59 = s + g. Let b = -30 - s. Is 15 a factor of b?
False
Let h(k) = -k**2 + 17*k + 30. Does 6 divide h(17)?
True
Let n(y) = -y**3 - 2*y**2 + 6*y + 5. Let q = 6 - 10. Let b be n(q). Suppose g + 4*r - b = 0, -27 - 74 = -5*g - 2*r. Is 9 a factor of g?
False
Let m = -12 + 36. Does 7 divide m?
False
Let a = 7 + 1. Let l(m) = 0*m + 12*m - 3 + 0*m**2 - m**2. Is l(a) a multiple of 10?
False
Suppose -3*p = -y - y + 9, -3*p - 2*y - 9 = 0. Suppose -2*s + 58 = 4*i - 4*s, -3*i + 2*s + 44 = 0. Let f = p + i. Is 7 a factor of f?
False
Suppose -5*n - 3*h = -37 + 11, 2*n = 2*h + 4. Let l be n/3*12/8. Suppose -23 = -4*d + c, l*c - 7 = -3*d + 2. Is 2 a factor of d?
False
Let c = 48 - 8. Is 22 a factor of c?
False
Let w(s) = 4*s - 3. Is w(15) a multiple of 9?
False
Suppose -2*t + 18 = i, i - 5*t = -0*t + 53. Is i a multiple of 10?
False
Let c(x) = 1 - 9*x + 2 + 10 + x**3 - 14*x**2. Let y(j) = -j**3 + j**2 + 1. Let r(k) = -c(k) - 2*y(k). Is 7 a factor of r(-11)?
True
Suppose 0 = -4*h - 3*u + 106, 0*h + 92 = 4*h - 4*u. Is h a multiple of 11?
False
Let k be 3/(-3*(-2)/(-4)). Let i be (2*-7 - 0)/k. Let b = i + 0. Is b a multiple of 4?
False
Let t be (-60)/18*12/(-10). Suppose 4*k - 12 + t = 0. Suppose k = f - 1. Is f a multiple of 3?
True
Let b = 4 + -2. Does 4 divide (-6 - -8) +